7
Calculate 43 - (-76 - -80) - 88.
-49
Evaluate -91 + (48 + -3 - 96).
-142
Calculate 0 + 6 + (-2 - -146 - (-22 + 29)) + -9.
134
-37 + -4 + 29 - (-1 - (-1 - 25))
-37
Calculate (-9 - (-14 - -12)) + (-6 - (12 + -2 + -45)).
22
Calculate 2 + (4 - 9) + -12 + 12 + -3 + -92.
-98
Calculate 3 - 32 - ((-96 - -83 - (0 - 14)) + 5).
-35
3 + (24 - (1 - (34 + -29 - (-4 + -2))))
37
6 - (3 + -1 - ((-11 - -31) + (27 - 14)))
37
Calculate 11 - (8 + (0 - (41 + -10))).
34
-2 + 19 + (111 + -17 + -75 - (7 - -1))
28
Calculate -113 - (-2 + 9 + -29 + 8 + -1 + 4).
-102
What is 119 - (-24 + 22) - 29?
92
150 - (23 + 51 + -28)
104
What is -42 - (-44 + 16 - -18)?
-32
What is the value of 170 - 149 - (2 + -2) - 33?
-12
What is 5 + -19 + 1 + (-80 + 28 - -43)?
-22
Evaluate -5 - (84 + 6 + -36 + 17 + -13 + 1).
-64
What is 20 + (-61 - -52) - (1 + -4 + 0 - -1)?
13
69 + -71 + -10 + 14
2
4583 - 4636 - (80 + 4)
-137
What is -17 + (74 - 30) - ((-1 + 3 - 6) + 13)?
18
Evaluate 51 - (21 + (-13 - -13 - 3)).
33
8 + (-2 + -13 + 0 - (-42 - -37) - -3)
1
(4 - 2) + 3 + (-37 - -2) - (-1 - -9)
-38
What is the value of (115 - 3 - 114) + -1 + 54?
51
5 - (1 + 1 - (-4 - (-29 + 41) - -3))
-10
Calculate 20 + -27 + -35 - -4.
-38
What is the value of -8 + 1 + (-1830 - -1905)?
68
What is the value of -153 + (12 - -14) - -150?
23
Calculate -3 + (-18 - -24 - (1 - 4 - 2)) + 42.
50
Evaluate -26 + 2 + (-23 - (-12 - -1)).
-36
119 - (110 + -132) - 126
15
24 - (-29 - -117 - 63 - (-1 + 127))
125
Calculate 6 - (2 - 15) - (3 + -7 + (-8 - -14)).
17
Evaluate -32 - (-35 + (43 - 26) + -22).
8
What is the value of -17 + 5 + (2 - -13 - 15) - -63?
51
What is 1 - -14 - (16 + -30 + 12 + (-1 - 0))?
18
What is -1131 + 1133 + (-3 + 2 - (0 + 15))?
-14
What is -2 + (-39 - -39) - (-7 + 0 - -2) - 8?
-5
Calculate -24 + 21 + -10 - 11 - 22.
-46
What is 8 + 35 + (17 - 33)?
27
Evaluate ((17 + -13 - 28) + 77 - 9) + (-1 - 12).
31
What is 2 + 12 - 21 - (39 + (7 - 6 - 0))?
-47
Calculate -12 - ((3 - (11 + -13) - -7) + -9).
-15
Evaluate -11 - (-50 + 50 - 17).
6
What is 44 + -37 + (-1 + -5 - ((1 - -64) + -10))?
-54
What is the value of 152 + -80 + (-1 + 8 + -3 - (-15 - -15))?
76
-77 - (72 - (81 - 26))
-94
Calculate -3186 - -3234 - (153 + -1) - (-23 - -1).
-82
Evaluate -8 + -16 + (18 - (9 - 4)) + -20.
-31
Evaluate (31 - 29) + -14 + 110 - 30.
68
What is (-13 + 10 + (-2 - 8 - -5) - 2) + 103?
93
What is the value of 7 - (-9 + -4 - -22) - -15?
13
Calculate (-2 - -15) + (182 - 202) + 53.
46
Calculate (-21 - (4 + -7)) + (38 - (-112 + 7)).
125
Evaluate (195 - 81) + -4 + (-3 - (-11 + 0)).
118
Evaluate -12 - ((13 - 11) + -9 + -4 + -68).
67
23 - (-90 - (79 - 141))
51
Calculate (-4 - 15 - -32) + -13 + -1 + 7.
6
What is the value of -92 - ((-6 - 1) + (24 - 2))?
-107
Evaluate -10 - (3 - (2 + (16 - 3)) - (0 + -18)).
-16
(-1 + 3 - -52) + (31 - 33) + -4
48
What is (58 - 1) + 1 + (-2674 - -2659) + -10?
33
What is -7 + 5 + 2 + (2 - 3) - 14?
-15
What is the value of 86 - (-36 + 104) - (1 - (-4 - (-3 + 0)))?
16
Evaluate 8 - -5 - (-8 - -5 - -19) - -3.
0
(93 - 7) + (-6 - 26) + -38
16
Evaluate -104 + (-5 - 9) + (-4 + -3 - -21).
-104
Calculate (38 - (46 - (15 + 3))) + (57 - 0).
67
-53 + 45 + -2 + -13 + 1 - -6 - -30
14
112 + (10 + 6 - (-1 + 16) - (3 + -14))
124
What is the value of -2 - (-8 - ((25 - (-6 - (-15 + 5))) + 3))?
30
-65 + 7 + -2 - (-37 - -5)
-28
What is (1 - 0 - 8 - -5) + -14 + -8 + -44?
-68
-2 + 11 - (62 - (-5 - (-13 + 1)))
-46
What is the value of 0 + 81 + (636 - 663) - (10 + 1 - 1)?
44
What is 5 + (-4 - (-7 + 7) - (-1 + 7)) + 33?
28
What is the value of (-311 - -306) + -32 + -1 + 29?
-9
Evaluate -15 - 4 - (5 - (-28 + 62)) - (-1 + 26).
-15
Calculate 11 + (2 + -27 - (5 + (-13 - 0))).
-6
Calculate 3 + (-9 - (3 + -1)) + 0 + 3 + 3.
-2
Evaluate (-114 - -196) + -182 + 108.
8
What is -5 - (105 + (-4 - -11) - (0 + 2 - 16))?
-131
What is -1 + 12 - ((313 - 62) + -259)?
19
What is 102 + (-221 - 58) - -137?
-40
What is (1 - 19) + -2 + 0 + 39?
19
Evaluate 44 + 5 + -14 + (-7 - (5 + -16 + -6)).
45
What is the value of -624 + 636 - (-8 - ((3 - 3) + 4 + -2))?
22
Calculate 1 - 14 - (6063 - 6027).
-49
20 + (5 + 0 - 14) - (-13 + 4) - -7
27
Calculate 1 - 13 - ((-18 - -118 - 17) + (28 - 22)).
-101
Evaluate -39 - (-6 + -7 + (-13 - -29) + -13).
-29
Evaluate -53 - ((-17 - -23) + -18 + -1).
-40
13 - (44 + -86) - 10
45
What is 5 + 17 - (-8 - -68) - -98?
60
What is 8 + -2 + (-3 + -23 + 0 - (-541 + 548))?
-27
What is -7 + (20 + 1 - (16 + 22))?
-24
(5 - 55) + -17 + (1 - -2) - -14
-50
What is the value of -2 + -117 - (15 + -55) - 3?
-82
Calculate 15 + 7 + -6 - (33 + (16 - -3)).
-36
Calculate 21 + (-187 - -51 - (-12 + 3)).
-106
Calculate (-5 - (-7 + 5 + 1)) + 11 - (-32 - 0).
39
Evaluate 33 + (-28 - 15) + -8 + 2 + -20.
-36
Evaluate -16 + -52 + 6 + 99.
37
What is (20 - (-8 + 20 - 3)) + -1 + (5 - 45)?
-30
What is the value of 62 + (2 - 28) + (117 - 91)?
62
What is the value of 42 - 4 - (152 + -82 + 60)?
-92
What is (-10 - (7 + -7 + -91)) + -6 + 11?
86
40 + 3 + (3 - -3) + (-4 - -5)
50
What is the value of 37 - -34 - 10 - (-17 - (1 - 6))?
73
What is 250 - 415 - (-13 - 80)?
-72
-80 - (8 + 2 - -1 - (1 + (-45 - -47)))
-88
Calculate 2 + -4 - (13 - 4) - (-140 + 119).
10
-12 - ((-3 - -1) + (-16 - -16) + -1)
-9
Evaluate -55 + 11 + -11 - (-9 - 16).
-30
What is ((-12 - 16) + 10 - -18) + -5 + -1 + -3?
-9
What is (43 - (-20 + 42 - 13 - 15)) + (2 - 10)?
41
What is the value of -5 + (71 - 70) - 59?
-63
-2 - (-17 - -12 - 83) - (-6 - 4 - 0)
96
What is the value of -16 - (-53 + -4 - -1 - ((1 - 12) + 15))?
44
What is the value of (-32 + 0 - (164 + -175)) + 13?
-8
Calculate -69 + 57 + (-13 - 3) + 15 + -43.
-56
What is 12 + (-81 - (12 + -35)) + -2?
-48
What is (-11 - 5) + -11 + (-11 + 11 - -7)?
-20
What is the value of (45 - 37) + 19 + -53 - 95?
-121
Calculate 5 + (-1 + 1 - 9 - -25) - -82.
103
What is the value of ((-19 - -6) + 84 - -23) + 0 + 0?
94
Evaluate (-31 - -9 - -30) + (-8 - 9).
-9
(-56 - 17) + 48 - (-2 - 5 - (5 + -5))
-18
38 + (6 - 30) + (-1 - -12) + -8
17
(3 - (-11 - -18 - -8)) + -7
-19
What is the value of (36 - 4) + (18 + -33 - -10)?
27
Evaluate 9 + (-7 - 6) - ((-5 - (4 + -12)) + -117).
110
Calculate (3 - -65) + -7 + 50 + -60.
51
What is -20 - (-33 - -13 - -43)?
-43
Evaluate -22 + (26 - 84) - -84.
4
Calculate 3 - 39 - (-2 + 2) - (24 - (24 - -10)).
-26
What is the value of -8 + (6 - (-8 - (-7 - -10))) + -69?
-60
What is (25 - 11) + -9 + -44?
-39
What is -4 + (21 + -13 - -8) + 13 - -14?
39
Calculate -9 + -11 + (-199 - -261).
42
-12 + -100 - -43 - -72
3
What is the value of (-1 - 1) + (15 - 3) + -30 + 47 + -100?
-73
What is the value of (26 - 113 - -97) + (-21 - 1)?
-12
-9 - (-37 + -3) - (389 - 356)
-2
-27 - (-6 + 21) - (17 + -12)
-47
Calculate 0 + -11 - (12 + -29 - (-4 + (-3 - -3))).
2
1074 - 1093 - (-1 + 7) - -145
120
(3 - (13 + -11 + -3)) + (60 - 5)
59
What is -3 + (30 + 5 - ((0 - -11) + -6 + 1))?
26
-44 + 41 + 54 + -1 + (0 - -1)
51
What is the value of 4 - (91 + 58 + -121)?
-24
Calculate -11 + 3 + (-1 - -9) + -9 - -66.
57
(48 - 15 - -11) + (-3 - 9)
32
What is the value of 5 + -109 - (-70 + -11 + 65)?
-88
What is (7 - 41 - -22) + -14 + (0 - 1)?
-27
What is -32 + (-66 + 64 - -22)?
-12
What is 3 - -17 - -26 - -4?
50
Calculate (1 - -10) + (-555 + 568 - ((-24 - 1) + -2)).
51
What is -3276 - -3346 - (34 - -1)?
35
What is 2 + -21 + (-3 - -11) - (-57 + 2)?
44
What is the value of (10 + -31 - -1) + -1 + 39?
18
What is the value of (4 - 0 - ((-39 - -122) + -71)) + -15?
-23
What is (72 - (76 + -24)) + (-6 - -2)?
16
Calculate 134 + -137 + 32 + -68.
-39
Evaluate (2 - -1) + (-16 - (-20 + -21 + 19)).
9
Evaluate (1 + 1 - 5 - (79 + -179 + 93)) + 38.
42
Evaluate 44 + -3 + -25 - (149 - 26).
-107
(1 + -3 - 122) + (-104 - 12) + 139
-101
What is (-33 - -69) + -56 + 1 + 3?
-16
Calculate (-455 - -538) + -19 + 4.
68
What is the value of (1 - 3) + -34 + 38 + -97 + 85?
-10
Evaluate -8 - (14 + -56) - (-70 + 100).
4
What is 63 + -76 - (-23 - 43)?
53
(41 - (37 - 15 - -27)) + (74 - -2)
68
(8 + -49 + 34 - (-1 + 32)) + 5 + 1
-32
Evaluate (-425 - -457 - (3 - -31)) + 1 + 34.
33
Calculate -49 + (20 + -2 - (-465 - -499)).
-65
What is (-153 - (-27 - 42)) + 56?
-28
What is the value of (-7 - -27) + (61 - 87) - (9 + -1)?
-14
What is (7 - (-16 + 35)) + -20 + -8?
-40
Calculate (-68 - -118) + -37 + 0.
13
Evaluate (-127 - -1) + 0 + (484 +